third derivative of u**6/30 - u**5/30 + u**4/12 - u**3/2 - 24*u**2. Does 25 divide w(2)?
True
Suppose 42*y = 47*y - 1425. Is y a multiple of 19?
True
Let y = -18 + 19. Let o be y/1 - (15 + -14). Let r(n) = n**2 - n + 20. Does 10 divide r(o)?
True
Does 32 divide (-8)/(-6) - 19060/(-60)?
False
Let q(l) = 7*l + 42. Let y be 23 + (-2 - 2 - -5). Is 10 a factor of q(y)?
True
Let t be 15 + -16 - (3 + 0). Does 5 divide (5/10)/(t/(-80))?
True
Suppose 3*w + 7 = -5*d + 35, 0 = -d + 2. Suppose 0 = n + 2*b - w, -b + 58 = 4*n + 20. Is n a multiple of 10?
True
Let j(x) be the first derivative of x**3/3 + 5*x**2 + 2*x - 17. Is j(-12) a multiple of 13?
True
Suppose -2*a = -6*a. Suppose a = -2*o + o - 3. Let b = 11 - o. Is b a multiple of 14?
True
Let p(j) = j**3 + 4*j**2 - 3*j - 4. Let y be p(-6). Let q = y + 168. Does 5 divide q?
True
Let w be ((-6)/21 - 6/28)*-50. Suppose l = 4*k + 8, -2*l + 5*k + w = -0*l. Is 20 a factor of l?
True
Let d be 3/(-3) - 10/2. Let u(p) = -3*p + 33 - 38 - 6*p**2 + 17 - p**3. Is 15 a factor of u(d)?
True
Let q(a) = -24*a**2 - 2*a. Let b(g) = -g**2 + g. Let y(t) = -3*b(t) - q(t). Let o(r) = r**2 - r - 1. Let i be o(0). Does 28 divide y(i)?
True
Does 4 divide 6/(42/49) + 90?
False
Suppose 347 = 3*h + z - 1191, 0 = -3*z + 6. Is h a multiple of 20?
False
Let p(j) = -j - 6. Let h be p(-9). Let u(y) = y**2 + 4*y + 1. Is 11 a factor of u(h)?
True
Suppose 0 = 4*z - 651 - 609. Suppose 16*u + z = 21*u. Is 11 a factor of u?
False
Does 23 divide (-17664)/(-288)*27/4?
True
Is 37 a factor of 5 - ((-10)/3)/((-16)/(-1560))?
False
Suppose 0 = 5*m + 4312 - 17017. Is 77 a factor of m?
True
Suppose 77 = -5*m - 5*k + 397, 0 = -5*m + 4*k + 275. Suppose -2 - 1 = 3*j, -2*q + 195 = 5*j. Let v = q - m. Does 19 divide v?
False
Let q(c) = c**3 - 5*c**2 + 6*c - 1. Let m be q(4). Let u(j) be the second derivative of j**5/20 - 7*j**4/12 + j**3/2 - 9*j**2/2 + 45*j. Is 4 a factor of u(m)?
True
Is 11 a factor of 11830/12 + -5 + 124/24?
False
Let l be ((-14)/(-3))/(18/513). Suppose -4*c + 361 - 40 = -d, 2*c = -5*d + l. Is 10 a factor of c?
False
Let z be (-4)/(-12) - (-200)/(-15). Let k(t) = -5*t - 29. Does 6 divide k(z)?
True
Suppose -98*y = -110*y + 10500. Is 35 a factor of y?
True
Let s(y) = 12*y**2 + 2*y - 2. Let q be 2/4*(-16)/4. Does 21 divide s(q)?
True
Let q = 510 - -75. Is q a multiple of 13?
True
Suppose 5*v + 2*z + 2*z = 5056, -5*z = -20. Let k be (-9)/15 - v/20. Let c = -27 - k. Is 12 a factor of c?
True
Suppose -v - 11 = -1. Let p = 13 + v. Suppose -122 = -0*r - p*r + 5*z, -82 = -2*r + 3*z. Does 11 divide r?
True
Suppose -22040 = -37*n - 21*n. Is n a multiple of 9?
False
Let x(l) = -4*l + 6. Let b be x(1). Suppose -4*n - 122 = -2*w, n + 219 = 4*w - 2*n. Suppose -3*u + b*z - w = -149, -5*z - 119 = -4*u. Is 9 a factor of u?
True
Let y be (-1)/((-5)/50*2). Suppose -y*n + 5*r = -325, n - 3*r = 33 + 32. Is n a multiple of 13?
True
Is 17 a factor of 751/(7 - 408/60)?
False
Suppose 0 = 28*k - 8769 - 3859. Is k a multiple of 13?
False
Let s be (-9 - -3)*(-34)/(-4). Let o = 65 + s. Is 10 a factor of o?
False
Suppose 3*a - 173 = 187. Suppose 0 = 2*t + 4*y - 10, -3*t + 3*y + 3 = 24. Is 5 a factor of a/(-18)*t/2?
True
Suppose 0*c + 3*y = -c + 4, -16 = -4*c - 5*y. Let r be 4 - 24*c/6. Is (-36)/(-1*r/(-8)) a multiple of 8?
True
Let p(g) = g**3 + 10*g**2 - 4*g + 18. Let c be p(-9). Let s = c - 99. Is s a multiple of 6?
True
Let q(z) = 13*z**2 - z + 6. Does 48 divide q(-6)?
True
Let i(b) = 27*b**3 + 3*b - 2. Is 2 a factor of i(1)?
True
Let q(p) = -p**3 + 0*p + 14 + 0*p**3 - 9*p**2 + 6*p. Is 18 a factor of q(-10)?
True
Let r(m) = -m**3 + 9*m**2 + 7*m. Let a = 14 + -7. Does 14 divide r(a)?
False
Let d be 4/4 + 2/2. Suppose l + n = 7, 8*l - 20 = 4*l - d*n. Suppose -2*y - 84 = -l*j, -4*j + 89 = -y + 6*y. Is 13 a factor of j?
True
Let z be (-122)/(-8) - 2/8. Let g = z + -15. Suppose 2*w = 3*w + 3, -3*i + 2*w + 78 = g. Is 6 a factor of i?
True
Suppose 29*h + 63 = 36*h. Suppose 7*w + 72 = h*w. Is 18 a factor of w?
True
Let d be (21/(-1))/(-2 - 42/(-22)). Suppose -d - 36 = -3*f. Is f a multiple of 44?
False
Suppose -11 = 3*w + 4*c, 0*w - w - 22 = 5*c. Let k be (w - 4)*75 - -4. Let t = 147 + k. Is t a multiple of 19?
True
Let l be 10/(-45) - (-8)/36. Suppose l = 3*g - 0 - 3, g + 82 = n. Is 35 a factor of n?
False
Suppose 4*i - 4 = 0, -142*q + i - 3277 = -144*q. Is q a multiple of 13?
True
Suppose 0 = -2*k - 25 + 65. Is -2 + (26 - k/5) a multiple of 10?
True
Suppose u + 4*f + 1 = -3, -5*u = 5*f + 5. Let c(g) = 38*g**3 - 1. Let m be c(1). Suppose -3*o + 2*o + m = u. Is 17 a factor of o?
False
Suppose 2*k = 6*k + i - 23, 0 = 2*k + 2*i - 16. Suppose 35 = -c + k*h, 0 = 2*h + 2*h - 20. Let r(v) = -v**3 - 11*v**2 - 15*v - 2. Is 16 a factor of r(c)?
True
Let r be 2/(-8) + 1016/(-32). Let w = r - -9. Let f = w + 55. Is 7 a factor of f?
False
Suppose -5*p = -2*p. Suppose -3*n - 2*n + 25 = p. Suppose -24 = -n*j + 271. Does 17 divide j?
False
Let a(y) = 4*y**3 + 8*y**2 - 6*y - 3. Is 2 a factor of a(2)?
False
Let p = 3767 + -2080. Is 96 a factor of p?
False
Let r(h) be the second derivative of -h**3/6 + 6*h**2 + 7*h. Let n be r(8). Is 13 a factor of (6/n)/((-30)/(-560))?
False
Let a be 6 - ((-2 - -1) + 2). Does 4 divide 14/(-35) + 107/a?
False
Let s(r) be the first derivative of -33/2*r**2 + 1 + 0*r. Is 31 a factor of s(-3)?
False
Suppose 2*s + 4*h = 1004, 5*s + 5*h - 2*h - 2538 = 0. Is s a multiple of 6?
True
Suppose 4*f - 298 = 450. Does 11 divide f?
True
Suppose 61*z = 44*z + 6324. Is 30 a factor of z?
False
Let c(i) = 4*i**2 + 13*i + 6. Does 25 divide c(-11)?
False
Suppose 0 = 2*v - 43*q + 38*q - 760, q = 5*v - 1946. Is v a multiple of 10?
True
Suppose 2*s - 2*z - z - 3 = 0, -3*s + 3*z = -6. Suppose 2*g - 3*v - 426 = 0, -68 = -g - s*v + 145. Let j = g - 148. Does 13 divide j?
True
Let d(a) = -a**2 + 7*a + 5. Let v be d(9). Let c(y) = y**3 + 13*y**2 - 5*y + 25. Does 45 divide c(v)?
True
Let k = -52 - -114. Let x = -43 + k. Is 11 a factor of x?
False
Suppose -2*g + 256 = -4*a, 2*g = a - 2*a - 59. Let m = a - 117. Let r = -121 - m. Is 15 a factor of r?
False
Let k(l) = -3 + 3 + l**2 + 4*l + 3*l. Is k(4) a multiple of 11?
True
Let a = 13 - 4. Suppose 8*f - a*f = -43. Is 11 a factor of f?
False
Let i(b) be the second derivative of -b**3/6 + 15*b**2/2 - 18*b. Does 2 divide i(0)?
False
Let m(b) = 5 - 6*b + 5*b + b**2 + 6. Let f = 16 - 8. Is 20 a factor of m(f)?
False
Let t(n) = -3*n**3 - 19*n**2 - 2*n - 16. Let h be t(-9). Is (11 - -1)/(75/h) a multiple of 13?
True
Let t be ((-22)/(-88))/(((-6)/(-200))/3). Suppose 104 = t*l - 23*l. Is l a multiple of 5?
False
Let j(p) = -p**3. Let c(x) = 2*x**3 - 7*x**2 - x + 7. Let a(g) = -c(g) - j(g). Let r be a(7). Suppose y = r, -3*b + 2*b + y = -47. Is 16 a factor of b?
False
Does 24 divide ((-5)/(45/48))/(4/(-18))?
True
Suppose o = 5*o. Suppose 0 = -0*n - 5*n + 180. Suppose o*p = 2*p - n. Does 7 divide p?
False
Let v = 65 + -77. Let x = v - -75. Does 24 divide x?
False
Suppose -3*j + 256 + 930 = 5*m, 3*m + 2*j - 712 = 0. Is 19 a factor of m?
False
Suppose -3*p - c = -9434, 0 = p - 2*c - 1413 - 1741. Does 13 divide p?
True
Let r be (-1)/(2*(-1)/4). Suppose 0 = r*f, 4*f - f = -4*b + 1216. Is b a multiple of 34?
False
Let f(i) = -15*i + 5 - 31 - 2*i**2 + i**2. Does 11 divide f(-5)?
False
Is ((-210)/4)/((-5)/(9 - -21)) a multiple of 63?
True
Let q(y) = 8*y + 4. Suppose -p + 4 = -0*p. Suppose 0 = p*j - 7*j + 21. Does 12 divide q(j)?
True
Is (-15428)/(-76)*(2 - -10) a multiple of 84?
True
Let n = -26 - -39. Suppose f + n = -59. Let b = f - -124. Is b a multiple of 14?
False
Suppose 3 = 4*a - 3*a. Let q be ((-54)/(-30))/((-6)/(-20)). Does 7 divide 2/(q/33) + a?
True
Let q be -215 + (-3 - -5 - 4). Let r = q + 369. Is 11 a factor of r?
False
Let j be (-2)/(-1) + (344 - 0). Let z = 656 - j. Does 9 divide (z/(-15))/(6/(-9))?
False
Suppose -30*y = -1280 - 2680. Does 2 divide y?
True
Suppose -8 + 2 = s. Let y be (-3 + 6/9)*s. Let t = 26 - y. Does 7 divide t?
False
Suppose -2*p + 0*p = 3*w - 23, -5*p = 5*w - 35. Does 18 divide ((-870)/9)/((-6)/w) + -1?
True
Suppose 0*s = 3*s. Let p(k) = 2*k**2 + 21*k + 6. Let v be p(-16). Suppose -h + 6*h - n - 439 = s, -v = -2*h + 2*n. Is 29 a factor of h?
True
Let g be (-1 + -1)*(-14 - -2). Let t = -502 - -499. Let p = t + g. 